{"id":6,"date":"2018-11-30T21:14:13","date_gmt":"2018-11-30T23:14:13","guid":{"rendered":"https:\/\/beneb67.com.br\/beneb\/?page_id=6"},"modified":"2019-09-09T17:49:13","modified_gmt":"2019-09-09T20:49:13","slug":"home","status":"publish","type":"page","link":"https:\/\/beneb67.com.br\/beneb\/","title":{"rendered":"Inicio"},"content":{"rendered":"\t\t<div data-elementor-type=\"wp-post\" data-elementor-id=\"6\" class=\"elementor elementor-6\">\n\t\t\t\t\t\t<section class=\"elementor-section elementor-top-section elementor-element elementor-element-d24fa22 elementor-section-boxed elementor-section-height-default elementor-section-height-default\" data-id=\"d24fa22\" data-element_type=\"section\">\n\t\t\t\t\t\t<div class=\"elementor-container elementor-column-gap-default\">\n\t\t\t\t\t<div class=\"elementor-column elementor-col-100 elementor-top-column elementor-element elementor-element-7394c36\" data-id=\"7394c36\" data-element_type=\"column\">\n\t\t\t<div class=\"elementor-widget-wrap elementor-element-populated\">\n\t\t\t\t\t\t<div class=\"elementor-element elementor-element-662b825 elementor-widget elementor-widget-heading\" data-id=\"662b825\" data-element_type=\"widget\" data-widget_type=\"heading.default\">\n\t\t\t\t<div class=\"elementor-widget-container\">\n\t\t\t\t\t<h2 class=\"elementor-heading-title elementor-size-default\">F\u00e1brica de sites<\/h2>\t\t\t\t<\/div>\n\t\t\t\t<\/div>\n\t\t\t\t<div class=\"elementor-element elementor-element-416d576 elementor-widget elementor-widget-text-editor\" data-id=\"416d576\" data-element_type=\"widget\" data-widget_type=\"text-editor.default\">\n\t\t\t\t<div class=\"elementor-widget-container\">\n\t\t\t\t\t\t\t\t\t<p>N\u00e3o importa qual seja o seu neg\u00f3cio, n\u00f3s temos um site para atend\u00ea-lo&#8230;<\/p>\t\t\t\t\t\t\t\t<\/div>\n\t\t\t\t<\/div>\n\t\t\t\t\t<\/div>\n\t\t<\/div>\n\t\t\t\t\t<\/div>\n\t\t<\/section>\n\t\t\t\t<section class=\"elementor-section elementor-top-section elementor-element elementor-element-e692d7e elementor-section-height-min-height elementor-section-content-middle elementor-section-boxed elementor-section-height-default elementor-section-items-middle\" data-id=\"e692d7e\" data-element_type=\"section\">\n\t\t\t\t\t\t<div class=\"elementor-container elementor-column-gap-default\">\n\t\t\t\t\t<div class=\"elementor-column elementor-col-100 elementor-top-column elementor-element elementor-element-4b1c976\" data-id=\"4b1c976\" data-element_type=\"column\">\n\t\t\t<div class=\"elementor-widget-wrap elementor-element-populated\">\n\t\t\t\t\t\t<div class=\"elementor-element elementor-element-9e0bb0c elementor-arrows-position-outside elementor-pagination-position-outside elementor-widget elementor-widget-image-carousel\" data-id=\"9e0bb0c\" data-element_type=\"widget\" data-settings=\"{&quot;autoplay_speed&quot;:3000,&quot;speed&quot;:400,&quot;image_spacing_custom&quot;:{&quot;unit&quot;:&quot;px&quot;,&quot;size&quot;:5,&quot;sizes&quot;:[]},&quot;slides_to_show&quot;:&quot;3&quot;,&quot;navigation&quot;:&quot;both&quot;,&quot;autoplay&quot;:&quot;yes&quot;,&quot;pause_on_hover&quot;:&quot;yes&quot;,&quot;pause_on_interaction&quot;:&quot;yes&quot;,&quot;infinite&quot;:&quot;yes&quot;,&quot;image_spacing_custom_tablet&quot;:{&quot;unit&quot;:&quot;px&quot;,&quot;size&quot;:&quot;&quot;,&quot;sizes&quot;:[]},&quot;image_spacing_custom_mobile&quot;:{&quot;unit&quot;:&quot;px&quot;,&quot;size&quot;:&quot;&quot;,&quot;sizes&quot;:[]}}\" data-widget_type=\"image-carousel.default\">\n\t\t\t\t<div class=\"elementor-widget-container\">\n\t\t\t\t\t\t\t<div class=\"elementor-image-carousel-wrapper swiper\" role=\"region\" aria-roledescription=\"carousel\" aria-label=\"Carrossel de imagens\" dir=\"ltr\">\n\t\t\t<div class=\"elementor-image-carousel swiper-wrapper\" aria-live=\"off\">\n\t\t\t\t\t\t\t\t<div class=\"swiper-slide\" role=\"group\" aria-roledescription=\"slide\" aria-label=\"1 de 10\"><figure class=\"swiper-slide-inner\"><img decoding=\"async\" class=\"swiper-slide-image\" src=\"https:\/\/beneb67.com.br\/beneb\/wp-content\/uploads\/elementor\/thumbs\/podologa_02_rune-enstad-571661-unsplash-o0a2e4kl9anv8oq3k2mt31elr22zx1om26zwzci1fc.jpg\" alt=\"Podologia\" \/><figcaption class=\"elementor-image-carousel-caption\">Podologia<\/figcaption><\/figure><\/div><div class=\"swiper-slide\" role=\"group\" aria-roledescription=\"slide\" aria-label=\"2 de 10\"><figure class=\"swiper-slide-inner\"><img decoding=\"async\" class=\"swiper-slide-image\" src=\"https:\/\/beneb67.com.br\/beneb\/wp-content\/uploads\/elementor\/thumbs\/massagem_01_toa-heftiba-578093-unsplash-o0a1zbm3m8eads89069cb9w8xl1vonwt0x3lvgg9fc.jpg\" alt=\"Massagem\" \/><figcaption class=\"elementor-image-carousel-caption\">Massagem<\/figcaption><\/figure><\/div><div class=\"swiper-slide\" role=\"group\" aria-roledescription=\"slide\" aria-label=\"3 de 10\"><figure class=\"swiper-slide-inner\"><img decoding=\"async\" class=\"swiper-slide-image\" src=\"https:\/\/beneb67.com.br\/beneb\/wp-content\/uploads\/elementor\/thumbs\/estetica_02_rune-enstad-571589-unsplash-o0a1ut00rw7ol8sgdpyvtwxi5xbdp0z8qk8lul5dbs.jpg\" alt=\"Esteticista\" \/><figcaption class=\"elementor-image-carousel-caption\">Esteticista<\/figcaption><\/figure><\/div><div class=\"swiper-slide\" role=\"group\" aria-roledescription=\"slide\" aria-label=\"4 de 10\"><figure class=\"swiper-slide-inner\"><img decoding=\"async\" class=\"swiper-slide-image\" src=\"https:\/\/beneb67.com.br\/beneb\/wp-content\/uploads\/elementor\/thumbs\/nutricionista_02_s-o-c-i-a-l-c-u-t-1145210-unsplash-o0a24nd6cfos68hpwh58fxia46srax21ra6nrwjy60.jpg\" alt=\"Nutricionista\" \/><figcaption class=\"elementor-image-carousel-caption\">Nutricionista<\/figcaption><\/figure><\/div><div class=\"swiper-slide\" role=\"group\" aria-roledescription=\"slide\" aria-label=\"5 de 10\"><figure class=\"swiper-slide-inner\"><img decoding=\"async\" class=\"swiper-slide-image\" src=\"https:\/\/beneb67.com.br\/beneb\/wp-content\/uploads\/elementor\/thumbs\/Trabalho_02_blueprints-1837238__340-nzuucxu348w5jsgx5iufh4pdo6qh0d6f7s8t1b5vw8.jpg\" alt=\"Desenvolvimento\" \/><figcaption class=\"elementor-image-carousel-caption\">Desenvolvimento<\/figcaption><\/figure><\/div><div class=\"swiper-slide\" role=\"group\" aria-roledescription=\"slide\" aria-label=\"6 de 10\"><figure class=\"swiper-slide-inner\"><img decoding=\"async\" class=\"swiper-slide-image\" src=\"https:\/\/beneb67.com.br\/beneb\/wp-content\/uploads\/elementor\/thumbs\/corte_cabelo_homem_03_edgar-chaparro-565268-unsplash-o09zhkyt4njry0ky0vslrf4z89dbsynd0qvrffidh4.jpg\" alt=\"Cabeleireiro(a)\" \/><figcaption class=\"elementor-image-carousel-caption\">Cabeleireiro(a)<\/figcaption><\/figure><\/div><div class=\"swiper-slide\" role=\"group\" aria-roledescription=\"slide\" aria-label=\"7 de 10\"><figure class=\"swiper-slide-inner\"><img decoding=\"async\" class=\"swiper-slide-image\" src=\"https:\/\/beneb67.com.br\/beneb\/wp-content\/uploads\/elementor\/thumbs\/barbearia_01_rob-sarmiento-90884-unsplash-o09z8ys2hbr5ip3ic5ppwlev73u78ufxu3lj24aaig.jpg\" alt=\"Barbearia\" \/><figcaption class=\"elementor-image-carousel-caption\">Barbearia<\/figcaption><\/figure><\/div><div class=\"swiper-slide\" role=\"group\" aria-roledescription=\"slide\" aria-label=\"8 de 10\"><figure class=\"swiper-slide-inner\"><img decoding=\"async\" class=\"swiper-slide-image\" src=\"https:\/\/beneb67.com.br\/beneb\/wp-content\/uploads\/elementor\/thumbs\/motor_carro_02_tim-mossholder-212029-unsplash-o0a0q98ny6pdqtou5oz9rnanmj6cn303hv3jjv9rqw.jpg\" alt=\"Oficina de Auto\" \/><figcaption class=\"elementor-image-carousel-caption\">Oficina de Auto<\/figcaption><\/figure><\/div><div class=\"swiper-slide\" role=\"group\" aria-roledescription=\"slide\" aria-label=\"9 de 10\"><figure class=\"swiper-slide-inner\"><img decoding=\"async\" class=\"swiper-slide-image\" src=\"https:\/\/beneb67.com.br\/beneb\/wp-content\/uploads\/elementor\/thumbs\/moto_01_godwin-angeline-benjo-715027-unsplash-o0a1lghst7f14ud8yoig19uhhzdz5dvc4aos1j0b7c.jpg\" alt=\"Oficina de Moto\" \/><figcaption class=\"elementor-image-carousel-caption\">Oficina de Moto<\/figcaption><\/figure><\/div><div class=\"swiper-slide\" role=\"group\" aria-roledescription=\"slide\" aria-label=\"10 de 10\"><figure class=\"swiper-slide-inner\"><img decoding=\"async\" class=\"swiper-slide-image\" src=\"https:\/\/beneb67.com.br\/beneb\/wp-content\/uploads\/elementor\/thumbs\/Pizza_01_rawpixel-741656-unsplash-o0izi23hw1c59za2of0hbfi4vmniygt52ji65ah4mw.jpg\" alt=\"Pizzaria\" \/><figcaption class=\"elementor-image-carousel-caption\">Pizzaria<\/figcaption><\/figure><\/div>\t\t\t<\/div>\n\t\t\t\t\t\t\t\t\t\t\t\t<div class=\"elementor-swiper-button elementor-swiper-button-prev\" role=\"button\" tabindex=\"0\">\n\t\t\t\t\t\t<i aria-hidden=\"true\" class=\"eicon-chevron-left\"><\/i>\t\t\t\t\t<\/div>\n\t\t\t\t\t<div class=\"elementor-swiper-button elementor-swiper-button-next\" role=\"button\" tabindex=\"0\">\n\t\t\t\t\t\t<i aria-hidden=\"true\" class=\"eicon-chevron-right\"><\/i>\t\t\t\t\t<\/div>\n\t\t\t\t\n\t\t\t\t\t\t\t\t\t<div class=\"swiper-pagination\"><\/div>\n\t\t\t\t\t\t\t\t\t<\/div>\n\t\t\t\t\t\t<\/div>\n\t\t\t\t<\/div>\n\t\t\t\t\t<\/div>\n\t\t<\/div>\n\t\t\t\t\t<\/div>\n\t\t<\/section>\n\t\t\t\t<section class=\"elementor-section elementor-top-section elementor-element elementor-element-b895857 elementor-section-boxed elementor-section-height-default elementor-section-height-default\" data-id=\"b895857\" data-element_type=\"section\">\n\t\t\t\t\t\t<div class=\"elementor-container elementor-column-gap-default\">\n\t\t\t\t\t<div class=\"elementor-column elementor-col-50 elementor-top-column elementor-element elementor-element-5011ed5\" data-id=\"5011ed5\" data-element_type=\"column\">\n\t\t\t<div class=\"elementor-widget-wrap elementor-element-populated\">\n\t\t\t\t\t\t<div class=\"elementor-element elementor-element-e62e181 elementor-widget elementor-widget-image\" data-id=\"e62e181\" data-element_type=\"widget\" data-widget_type=\"image.default\">\n\t\t\t\t<div class=\"elementor-widget-container\">\n\t\t\t\t\t\t\t\t\t\t\t\t\t\t\t<img fetchpriority=\"high\" decoding=\"async\" width=\"300\" height=\"213\" src=\"https:\/\/beneb67.com.br\/beneb\/wp-content\/uploads\/2018\/12\/negocio_01_person-621045__340-300x213.jpg\" class=\"attachment-medium size-medium wp-image-97\" alt=\"\" srcset=\"https:\/\/beneb67.com.br\/beneb\/wp-content\/uploads\/2018\/12\/negocio_01_person-621045__340-300x213.jpg 300w, https:\/\/beneb67.com.br\/beneb\/wp-content\/uploads\/2018\/12\/negocio_01_person-621045__340.jpg 480w\" sizes=\"(max-width: 300px) 100vw, 300px\" \/>\t\t\t\t\t\t\t\t\t\t\t\t\t\t\t<\/div>\n\t\t\t\t<\/div>\n\t\t\t\t\t<\/div>\n\t\t<\/div>\n\t\t\t\t<div class=\"elementor-column elementor-col-50 elementor-top-column elementor-element elementor-element-fe492da\" data-id=\"fe492da\" data-element_type=\"column\">\n\t\t\t<div class=\"elementor-widget-wrap elementor-element-populated\">\n\t\t\t\t\t\t<div class=\"elementor-element elementor-element-6f93d74 elementor-widget elementor-widget-heading\" data-id=\"6f93d74\" data-element_type=\"widget\" data-widget_type=\"heading.default\">\n\t\t\t\t<div class=\"elementor-widget-container\">\n\t\t\t\t\t<h2 class=\"elementor-heading-title elementor-size-default\">Nossa miss\u00e3o \u00e9 mostrar seu neg\u00f3cio aos clientes<\/h2>\t\t\t\t<\/div>\n\t\t\t\t<\/div>\n\t\t\t\t<div class=\"elementor-element elementor-element-75a3465 elementor-widget elementor-widget-heading\" data-id=\"75a3465\" data-element_type=\"widget\" data-widget_type=\"heading.default\">\n\t\t\t\t<div class=\"elementor-widget-container\">\n\t\t\t\t\t<h2 class=\"elementor-heading-title elementor-size-default\">Apare\u00e7a para seus clientes...<\/h2>\t\t\t\t<\/div>\n\t\t\t\t<\/div>\n\t\t\t\t<div class=\"elementor-element elementor-element-a867536 elementor-widget elementor-widget-heading\" data-id=\"a867536\" data-element_type=\"widget\" data-widget_type=\"heading.default\">\n\t\t\t\t<div class=\"elementor-widget-container\">\n\t\t\t\t\t<h2 class=\"elementor-heading-title elementor-size-default\">...ou deixe eles te encontrarem...<\/h2>\t\t\t\t<\/div>\n\t\t\t\t<\/div>\n\t\t\t\t\t<\/div>\n\t\t<\/div>\n\t\t\t\t\t<\/div>\n\t\t<\/section>\n\t\t\t\t<section class=\"elementor-section elementor-top-section elementor-element elementor-element-c76f85d elementor-section-boxed elementor-section-height-default elementor-section-height-default\" data-id=\"c76f85d\" data-element_type=\"section\">\n\t\t\t\t\t\t<div class=\"elementor-container elementor-column-gap-default\">\n\t\t\t\t\t<div class=\"elementor-column elementor-col-100 elementor-top-column elementor-element elementor-element-2f39a89\" data-id=\"2f39a89\" data-element_type=\"column\">\n\t\t\t<div class=\"elementor-widget-wrap elementor-element-populated\">\n\t\t\t\t\t\t<div class=\"elementor-element elementor-element-085e1fc elementor-widget-divider--view-line elementor-widget elementor-widget-divider\" data-id=\"085e1fc\" data-element_type=\"widget\" data-widget_type=\"divider.default\">\n\t\t\t\t<div class=\"elementor-widget-container\">\n\t\t\t\t\t\t\t<div class=\"elementor-divider\">\n\t\t\t<span class=\"elementor-divider-separator\">\n\t\t\t\t\t\t<\/span>\n\t\t<\/div>\n\t\t\t\t\t\t<\/div>\n\t\t\t\t<\/div>\n\t\t\t\t\t<\/div>\n\t\t<\/div>\n\t\t\t\t\t<\/div>\n\t\t<\/section>\n\t\t\t\t<\/div>\n\t\t","protected":false},"excerpt":{"rendered":"<p>F\u00e1brica de sites N\u00e3o importa qual seja o seu neg\u00f3cio, n\u00f3s temos um site para atend\u00ea-lo&#8230; Podologia Massagem Esteticista Nutricionista Desenvolvimento Cabeleireiro(a) Barbearia Oficina de Auto Oficina de Moto Pizzaria &#8230;<\/p>\n","protected":false},"author":1,"featured_media":0,"parent":0,"menu_order":0,"comment_status":"closed","ping_status":"closed","template":"elementor_header_footer","meta":{"footnotes":""},"class_list":["post-6","page","type-page","status-publish","hentry"],"_links":{"self":[{"href":"https:\/\/beneb67.com.br\/beneb\/wp-json\/wp\/v2\/pages\/6","targetHints":{"allow":["GET"]}}],"collection":[{"href":"https:\/\/beneb67.com.br\/beneb\/wp-json\/wp\/v2\/pages"}],"about":[{"href":"https:\/\/beneb67.com.br\/beneb\/wp-json\/wp\/v2\/types\/page"}],"author":[{"embeddable":true,"href":"https:\/\/beneb67.com.br\/beneb\/wp-json\/wp\/v2\/users\/1"}],"replies":[{"embeddable":true,"href":"https:\/\/beneb67.com.br\/beneb\/wp-json\/wp\/v2\/comments?post=6"}],"version-history":[{"count":58,"href":"https:\/\/beneb67.com.br\/beneb\/wp-json\/wp\/v2\/pages\/6\/revisions"}],"predecessor-version":[{"id":204,"href":"https:\/\/beneb67.com.br\/beneb\/wp-json\/wp\/v2\/pages\/6\/revisions\/204"}],"wp:attachment":[{"href":"https:\/\/beneb67.com.br\/beneb\/wp-json\/wp\/v2\/media?parent=6"}],"curies":[{"name":"wp","href":"https:\/\/api.w.org\/{rel}","templated":true}]}}